{"id":499,"date":"2023-05-19T15:12:01","date_gmt":"2023-05-19T15:12:01","guid":{"rendered":"https:\/\/eusebiguiral.com\/?page_id=499"},"modified":"2023-08-28T06:25:58","modified_gmt":"2023-08-28T06:25:58","slug":"avis-legal","status":"publish","type":"page","link":"https:\/\/eusebiguiral.com\/esp\/aviso-legal\/","title":{"rendered":"Aviso legal"},"content":{"rendered":"<p>El presente Aviso Legal regula el acceso por parte del usuario del sitio web (en adelante, el &#039;Usuario&#039;) a los contenidos proporcionados por Eusebi Guiral SA. La simple utilizaci\u00f3n de la informaci\u00f3n contenida en esta p\u00e1gina web implica la total aceptaci\u00f3n del Aviso Legal, por lo que le recomendamos que acceda a \u00e9l cada vez que vuelva a este sitio web, dada su constante actualizaci\u00f3n.<\/p>\n\n\n\n<h2 class=\"wp-block-heading\">Datos Identificativos<\/h2>\n\n\n\n<p>En cumplimiento de las obligaciones establecidas en la LSSI, se pone en conocimiento que el dominio eusebiguiral.com es propiedad de Eusebi Guiral SA:<\/p>\n\n\n\n<p>Empresa: Eusebi Guiral SA<\/p>\n\n\n\n<p>NIF: A58934019<\/p>\n\n\n\n<p>Direcci\u00f3n: Mercabarna, Pabell\u00f3n, A, 1054, 56, 08040 Barcelona<\/p>\n\n\n\n<p>Tel\u00e9fono: +34 933 35 39 46<\/p>\n\n\n\n<p>E-mail: eusebi@eusebiguiral.com<\/p>\n\n\n\n<h2 class=\"wp-block-heading\">Condiciones Generales de uso del sitio web<\/h2>\n\n\n\n<p>Como norma general, el usuario asume la obligaci\u00f3n de hacer uso del portal de acuerdo con lo estipulado en la legislaci\u00f3n vigente, a la buena fe ya los usos y costumbres generalmente admitidos. Asimismo, el usuario se obliga a no utilizar los servicios del sitio web para la realizaci\u00f3n de actividades il\u00edcitas o constitutivas de delito y\/o que infrinjan la propiedad intelectual o industrial, o cualquier otra norma de ordenamiento jur\u00eddico.<\/p>\n\n\n\n<p>Los contenidos del sitio web (https:\/\/eusebiguiral.com\/), tanto textos, im\u00e1genes, dise\u00f1o gr\u00e1fico, estructura, c\u00f3digo fuente, logotipos, marcas, etc., son titularidad exclusiva de Eusebi Guiral SA o, en su caso, de las personas o empresas que figuran como autores o titulares de los derechos y est\u00e1n amparados por la normativa reguladora de la Propiedad Intelectual e Industrial, quedando por tanto prohibida la reproducci\u00f3n, modificaci\u00f3n, distribuci\u00f3n o manipulaci\u00f3n total o parcial de los mismos, salvo que se cuente con la previa y expresa autorizaci\u00f3n con permiso por escrito de los propietarios del sitio web https:\/\/eusebiguiral.com\/ o resulte autorizado por la ley.<\/p>\n\n\n\n<h2 class=\"wp-block-heading\">Marcas:<\/h2>\n\n\n\n<p>En esta p\u00e1gina se mencionan de forma indirecta ya nivel informativo algunos t\u00e9rminos y logotipos, que constituyen marcas registradas por sus respectivos propietarios, no haci\u00e9ndonos responsables de la utilizaci\u00f3n inadecuada que pudieran realizar terceras personas respecto a estas marcas.<\/p>\n\n\n\n<h2 class=\"wp-block-heading\">Enlaces:<\/h2>\n\n\n\n<p>El propietario del sitio web no se hace responsable de aquellos otros datos, sitios web o archivos a los que sea posible acceder a trav\u00e9s de enlaces (links) disponibles entre sus contenidos, dado que estas p\u00e1ginas o archivos objeto de enlace son responsabilidad de sus respectivos titulares. Esta p\u00e1gina, por tanto, ni aprueba, ni hace suyos los productos, servicios, contenidos, informaci\u00f3n, datos, archivos y cualquier clase de material existente en tales p\u00e1ginas web o archivos y no controla ni, de conformidad con lo dispuesto en la LSSICE, se hace responsable de la calidad, licitud, fiabilidad y utilidad de la informaci\u00f3n, contenidos, datos y servicios existentes en los sitios enlazados y que son ajenos a esta p\u00e1gina. En caso de que un \u00f3rgano competente declare la ilicitud de los datos, ordenado su retirada o que imposibilite el acceso a los mismos, o se hubiera declarado la existencia de la lesi\u00f3n, y se nos haya notificado expresamente la correspondiente resoluci\u00f3n , los enlaces que se indiquen ser\u00edan retirados inmediatamente.<\/p>\n\n\n\n<h2 class=\"wp-block-heading\">Cookies de sesi\u00f3n:<\/h2>\n\n\n\n<p>El acceso a este sitio puede implicar la utilizaci\u00f3n de cookies de sesi\u00f3n. Las cookies de sesi\u00f3n son peque\u00f1as cantidades de informaci\u00f3n que se almacenan en el navegador utilizado por cada usuario para que el servidor recuerde cierta informaci\u00f3n que posteriormente pueda utilizar. Esta informaci\u00f3n permite identificar a usted como usuario concreto de forma an\u00f3nima. Aquellos usuarios que no deseen recibir cookies o quieran ser informados antes de que se almacenen en su ordenador, pueden configurar su navegador al efecto sin que se vea afectada la visualizaci\u00f3n general de este sitio web.<\/p>\n\n\n\n<h2 class=\"wp-block-heading\">Pol\u00edtica de Privacidad<\/h2>\n\n\n\n<p>La pol\u00edtica de privacidad del sitio web https:\/\/eusebiguiral.com\/, informa a los usuarios de este sitio web de los siguientes extremos a fin de que \u00e9stos puedan decidir libre y voluntariamente si desean facilitar los datos personales que se les pueda solicitar a trav\u00e9s de la utilizaci\u00f3n de los distintos servicios que ofrecemos, teniendo en cuenta que estos datos personales ser\u00e1n estrictamente imprescindibles para poder proporcionarle el servicio que ha seleccionado.<\/p>\n\n\n\n<h2 class=\"wp-block-heading\">LOPD:<\/h2>\n\n\n\n<p>Los datos que solicitamos tendr\u00e1n el tratamiento y finalidad para el que se recaban, tal y como se especifica en el aviso legal de acuerdo a la Ley Org\u00e1nica de Protecci\u00f3n de Datos (LOPD). Formar\u00e1n parte de un fichero automatizado, que se ha inscrito en la Agencia Espa\u00f1ola de Protecci\u00f3n de Datos.<\/p>\n\n\n\n<p>Y el usuario podr\u00e1 en todo momento acceder, rectificar, cancelar total o parcialmente sus datos ante el Responsable del Archivo: Eusebi Guiral SA, Mercabarna, Pabell\u00f3n, A, 1054, 56, 08040 Barcelona Tel\u00e9fono. +34 933 35 39 46, email: eusebi@eusebiguiral.com, indicando como asunto o referencia \u201cModificar datos en los archivos del sitio web https:\/\/eusebiguiral.com\/\u201d.<\/p>\n\n\n\n<h2 class=\"wp-block-heading\">Recogida de informaci\u00f3n:<\/h2>\n\n\n\n<p>Se recoger\u00e1 por v\u00eda electr\u00f3nica s\u00f3lo la informaci\u00f3n que nos sea imprescindible a nivel t\u00e9cnico para poder ofrecerle un servicio satisfactorio. Al conectarse, analizamos exclusivamente el tipo de navegador y el juego de caracteres que est\u00e1 utilizando y su versi\u00f3n con el objetivo de que la visualizaci\u00f3n del sitio web https:\/\/eusebiguiral.com\/ sea correcta.<\/p>\n\n\n\n<p>El acceso o utilizaci\u00f3n de este sitio web por parte del usuario implica su consentimiento y aceptaci\u00f3n de todas las condiciones expuestas.<\/p>\n\n\n\n<h2 class=\"wp-block-heading\">Protecci\u00f3n de Datos Personales<\/h2>\n\n\n\n<p>En cumplimiento de los art\u00edculos 5 y 6 de la Ley 15\/1999, por los que se regula el derecho de informaci\u00f3n en la recogida de los datos y el consentimiento del afectado, se advierte los siguientes puntos:<\/p>\n\n\n\n<h3 class=\"wp-block-heading\">Por la introducci\u00f3n de los datos de car\u00e1cter personal en este sitio web:<\/h3>\n\n\n\n<p>Est\u00e1 consintiendo su tratamiento.<\/p>\n\n\n\n<p>Deben incluirse en un archivo propiedad de Eusebi Guiral SA Estos datos podr\u00e1n ser utilizados para enviar informaci\u00f3n de nuestros servicios.<\/p>\n\n\n\n<p>Los datos obtenidos son los pertinentes para la finalidad para la que se ha solicitado.<\/p>\n\n\n\n<p>Usted podr\u00e1 en todo momento ejercitar sus derechos de acceso, rectificaci\u00f3n, cancelaci\u00f3n y oposici\u00f3n de sus datos de car\u00e1cter personal frente a: Eusebi Guiral SA Mercabarna, Pabell\u00f3n, A, 1054, 56, 08040 Barcelona Tel\u00e9fono. +34 933 35 39 46, email: eusebi@eusebiguiral.com, indicando como asunto o referencia \u201cModificar datos en los archivos del sitio web https:\/\/eusebiguiral.com\/\u201d.<\/p>\n\n\n\n<h2 class=\"wp-block-heading\">Limitaci\u00f3n de Responsabilidades<\/h2>\n\n\n\n<h3 class=\"wp-block-heading\">De la Informaci\u00f3n<\/h3>\n\n\n\n<p>Eusebi Guiral SA no se hace responsable de la veracidad, exactitud, adecuaci\u00f3n, idoneidad y actualizaci\u00f3n de la informaci\u00f3n suministrada a trav\u00e9s de https:\/\/eusebiguiral.com\/. Los contenidos de esta p\u00e1gina son de car\u00e1cter informativo, por lo que Eusebi Guiral SA no se responsabiliza de las decisiones tomadas por el usuario a partir de las mismas, ni de los da\u00f1os y perjuicios producidos en el usuario o en terceros con base a la informaci\u00f3n obtenida en este sitio web.<\/p>\n\n\n\n<h3 class=\"wp-block-heading\">De la calidad del servicio<\/h3>\n\n\n\n<p>El usuario admite conocer y ser consciente de la existencia en la Red de virus, lombrices y otros elementos maliciosos. Corresponde al usuario la disponibilidad de herramientas adecuadas para la detecci\u00f3n y desinfecci\u00f3n de estos programas inform\u00e1ticos nocivos, sin Eusebi Guiral SA sea responsable de los da\u00f1os producidos en los equipos inform\u00e1ticos del usuario o de terceros durante su acceso al sitio web.<\/p>\n\n\n\n<h3 class=\"wp-block-heading\">De la disponibilidad del Servicio<\/h3>\n\n\n\n<p>El acceso al sitio web requiere de servicios y suministros por parte de otros prestamistas de servicios de la sociedad de la informaci\u00f3n, la fiabilidad, calidad, continuidad y funcionamiento escapa al control Eusebi Guiral SA Por tanto, los servicios provistos a trav\u00e9s del sitio web pueden ser suspendidos, cancelados o resultar inaccesibles en cualquier momento.<\/p>\n\n\n\n<p>Eusebi Guiral SA no se responsabiliza de los da\u00f1os o perjuicios de cualquier tipo producidos en el Usuario que lleven causa de errores o desconexiones a las redes de telecomunicaciones que produzcan la suspensi\u00f3n, cancelaci\u00f3n o interrupci\u00f3n del servicio del sitio web durante la prestaci\u00f3n del mismo o con car\u00e1cter previo.<\/p>\n\n\n\n<h3 class=\"wp-block-heading\">De los contenidos accedidos en oa trav\u00e9s del sitio web<\/h3>\n\n\n\n<p>El presente sitio web permite el acceso a enlaces y otras p\u00e1ginas web (en adelante, &quot;Sitios enlazados&quot;). En estos casos, https:\/\/eusebiguiral.com\/ act\u00faa como prestamista de servicios de intermediaci\u00f3n de conformidad con lo dispuesto en la LSSI, de modo que s\u00f3lo ser\u00e1 responsable de los contenidos y servicios suministrados a los sitios enlazados en la medida en que tenga conocimiento efectivo de la ilicitud y no haya actuado con la diligencia debida para retirar estos contenidos. Si considera que uno de los sitios enlazados incluye contenidos il\u00edcitos o inadecuados podr\u00e1 comunicar a Eusebi Guiral SA quien actuar\u00e1 con toda diligencia para retirar los enlaces que sea conveniente.<\/p>\n\n\n\n<p>Eusebi Guiral SA tampoco se hace responsable de los contenidos y servicios ofrecidos en los sitios enlazados, por lo que no responde de los da\u00f1os producidos por su ilicitud, calidad, desactualizaci\u00f3n, indisponibilidad, error o inutilidad.<\/p>\n\n\n\n<h2 class=\"wp-block-heading\">Reserva de Derechos<\/h2>\n\n\n\n<p>El usuario se compromete a no retirar, suprimir, alterar, manipular ni en modo alguno modificar:<\/p>\n\n\n\n<p>Aquellas notas, leyendas, indicaciones o s\u00edmbolos que bien Eusebi Guiral SA o los leg\u00edtimos titulares de los derechos incorporen a sus propiedades en materia de propiedad intelectual o industrial (como por ejemplo, copyright, \u00a9, \u00ae y TM, etc.) .<\/p>\n\n\n\n<p>Los dispositivos t\u00e9cnicos de protecci\u00f3n o identificaci\u00f3n que puedan contener los contenidos (como por ejemplo, marcas de agua, huellas digitales, etc.).<\/p>\n\n\n\n<p>El acceso, visualizaci\u00f3n y, en su caso, descarga de los contenidos y\/o servicios se realizar\u00e1 siempre y en todo caso con fines estrictamente personales y no comerciales.<\/p>\n\n\n\n<p>Eusebi Guiral SA se reserva todos los derechos relacionados con la propiedad intelectual e industrial sobre los elementos de su sitio web, y no concede ninguna otra licencia o autorizaci\u00f3n de uso al usuario sobre su propiedad diferente a la que expresamente se detalla en la presente cl\u00e1usula. Estos derechos no se aplican a las im\u00e1genes cedidas por terceros para su visualizaci\u00f3n en la web y los derechos de propiedad intelectual corresponden a sus leg\u00edtimos propietarios.<\/p>","protected":false},"excerpt":{"rendered":"<p>El present Av\u00eds Legal regula l\u2019acc\u00e9s per part de l\u2019usuari del lloc web (en endavant, el \u2018Usuari\u2019) als continguts proporcionats per Eusebi Guiral SA. La simple utilitzaci\u00f3 de la informaci\u00f3 continguda en aquesta p\u00e0gina web implica la total acceptaci\u00f3 de l\u2019Av\u00eds Legal, i per aix\u00f2 li recomanem que accedeixi a ell cada vegada que torni [&hellip;]<\/p>","protected":false},"author":1,"featured_media":0,"parent":0,"menu_order":0,"comment_status":"closed","ping_status":"open","template":"","meta":{"_et_pb_use_builder":"off","_et_pb_old_content":"","_et_gb_content_width":"1080","footnotes":""},"class_list":["post-499","page","type-page","status-publish","hentry"],"yoast_head":"<!-- This site is optimized with the Yoast SEO plugin v23.9 - https:\/\/yoast.com\/wordpress\/plugins\/seo\/ -->\n<title>Av\u00eds legal - Eusebi Guiral<\/title>\n<meta name=\"robots\" content=\"noindex, follow\" \/>\n<meta property=\"og:locale\" content=\"es_ES\" \/>\n<meta property=\"og:type\" content=\"article\" \/>\n<meta property=\"og:title\" content=\"Av\u00eds legal - Eusebi Guiral\" \/>\n<meta property=\"og:description\" content=\"El present Av\u00eds Legal regula l\u2019acc\u00e9s per part de l\u2019usuari del lloc web (en endavant, el \u2018Usuari\u2019) als continguts proporcionats per Eusebi Guiral SA. La simple utilitzaci\u00f3 de la informaci\u00f3 continguda en aquesta p\u00e0gina web implica la total acceptaci\u00f3 de l\u2019Av\u00eds Legal, i per aix\u00f2 li recomanem que accedeixi a ell cada vegada que torni [&hellip;]\" \/>\n<meta property=\"og:url\" content=\"https:\/\/eusebiguiral.com\/esp\/aviso-legal\/\" \/>\n<meta property=\"og:site_name\" content=\"Eusebi Guiral\" \/>\n<meta property=\"article:publisher\" content=\"https:\/\/www.facebook.com\/profile.php?id=61550539299491\" \/>\n<meta property=\"article:modified_time\" content=\"2023-08-28T06:25:58+00:00\" \/>\n<meta name=\"twitter:card\" content=\"summary_large_image\" \/>\n<meta name=\"twitter:label1\" content=\"Tiempo de lectura\" \/>\n\t<meta name=\"twitter:data1\" content=\"9 minutos\" \/>\n<script type=\"application\/ld+json\" class=\"yoast-schema-graph\">{\"@context\":\"https:\/\/schema.org\",\"@graph\":[{\"@type\":\"WebPage\",\"@id\":\"https:\/\/eusebiguiral.com\/avis-legal\/\",\"url\":\"https:\/\/eusebiguiral.com\/avis-legal\/\",\"name\":\"Av\u00eds legal - Eusebi Guiral\",\"isPartOf\":{\"@id\":\"https:\/\/eusebiguiral.com\/#website\"},\"datePublished\":\"2023-05-19T15:12:01+00:00\",\"dateModified\":\"2023-08-28T06:25:58+00:00\",\"breadcrumb\":{\"@id\":\"https:\/\/eusebiguiral.com\/avis-legal\/#breadcrumb\"},\"inLanguage\":\"es\",\"potentialAction\":[{\"@type\":\"ReadAction\",\"target\":[\"https:\/\/eusebiguiral.com\/avis-legal\/\"]}]},{\"@type\":\"BreadcrumbList\",\"@id\":\"https:\/\/eusebiguiral.com\/avis-legal\/#breadcrumb\",\"itemListElement\":[{\"@type\":\"ListItem\",\"position\":1,\"name\":\"Inici\",\"item\":\"https:\/\/eusebiguiral.com\/\"},{\"@type\":\"ListItem\",\"position\":2,\"name\":\"Av\u00eds legal\"}]},{\"@type\":\"WebSite\",\"@id\":\"https:\/\/eusebiguiral.com\/#website\",\"url\":\"https:\/\/eusebiguiral.com\/\",\"name\":\"Eusebi Guiral\",\"description\":\"Sabors de temporada que satisfan als teus clients en tot moment\",\"publisher\":{\"@id\":\"https:\/\/eusebiguiral.com\/#organization\"},\"inLanguage\":\"es\"},{\"@type\":\"Organization\",\"@id\":\"https:\/\/eusebiguiral.com\/#organization\",\"name\":\"Eusebi Guiral\",\"url\":\"https:\/\/eusebiguiral.com\/\",\"logo\":{\"@type\":\"ImageObject\",\"inLanguage\":\"es\",\"@id\":\"https:\/\/eusebiguiral.com\/#\/schema\/logo\/image\/\",\"url\":\"https:\/\/eusebiguiral.com\/wp-content\/uploads\/2023\/08\/logo-eusebi-3dde5f3b43e61195d83a14f1dccefbd31.png\",\"contentUrl\":\"https:\/\/eusebiguiral.com\/wp-content\/uploads\/2023\/08\/logo-eusebi-3dde5f3b43e61195d83a14f1dccefbd31.png\",\"width\":176,\"height\":176,\"caption\":\"Eusebi Guiral\"},\"image\":{\"@id\":\"https:\/\/eusebiguiral.com\/#\/schema\/logo\/image\/\"},\"sameAs\":[\"https:\/\/www.facebook.com\/profile.php?id=61550539299491\",\"https:\/\/www.instagram.com\/eusebiguiralsa\/\"]}]}<\/script>\n<!-- \/ Yoast SEO plugin. -->","yoast_head_json":{"title":"Av\u00eds legal - Eusebi Guiral","robots":{"index":"noindex","follow":"follow"},"og_locale":"es_ES","og_type":"article","og_title":"Av\u00eds legal - Eusebi Guiral","og_description":"El present Av\u00eds Legal regula l\u2019acc\u00e9s per part de l\u2019usuari del lloc web (en endavant, el \u2018Usuari\u2019) als continguts proporcionats per Eusebi Guiral SA. La simple utilitzaci\u00f3 de la informaci\u00f3 continguda en aquesta p\u00e0gina web implica la total acceptaci\u00f3 de l\u2019Av\u00eds Legal, i per aix\u00f2 li recomanem que accedeixi a ell cada vegada que torni [&hellip;]","og_url":"https:\/\/eusebiguiral.com\/esp\/aviso-legal\/","og_site_name":"Eusebi Guiral","article_publisher":"https:\/\/www.facebook.com\/profile.php?id=61550539299491","article_modified_time":"2023-08-28T06:25:58+00:00","twitter_card":"summary_large_image","twitter_misc":{"Tiempo de lectura":"9 minutos"},"schema":{"@context":"https:\/\/schema.org","@graph":[{"@type":"WebPage","@id":"https:\/\/eusebiguiral.com\/avis-legal\/","url":"https:\/\/eusebiguiral.com\/avis-legal\/","name":"Av\u00eds legal - Eusebi Guiral","isPartOf":{"@id":"https:\/\/eusebiguiral.com\/#website"},"datePublished":"2023-05-19T15:12:01+00:00","dateModified":"2023-08-28T06:25:58+00:00","breadcrumb":{"@id":"https:\/\/eusebiguiral.com\/avis-legal\/#breadcrumb"},"inLanguage":"es","potentialAction":[{"@type":"ReadAction","target":["https:\/\/eusebiguiral.com\/avis-legal\/"]}]},{"@type":"BreadcrumbList","@id":"https:\/\/eusebiguiral.com\/avis-legal\/#breadcrumb","itemListElement":[{"@type":"ListItem","position":1,"name":"Inici","item":"https:\/\/eusebiguiral.com\/"},{"@type":"ListItem","position":2,"name":"Av\u00eds legal"}]},{"@type":"WebSite","@id":"https:\/\/eusebiguiral.com\/#website","url":"https:\/\/eusebiguiral.com\/","name":"Eusebi Guiral","description":"Sabors de temporada que satisfan als teus clients en tot moment","publisher":{"@id":"https:\/\/eusebiguiral.com\/#organization"},"inLanguage":"es"},{"@type":"Organization","@id":"https:\/\/eusebiguiral.com\/#organization","name":"Eusebi Guiral","url":"https:\/\/eusebiguiral.com\/","logo":{"@type":"ImageObject","inLanguage":"es","@id":"https:\/\/eusebiguiral.com\/#\/schema\/logo\/image\/","url":"https:\/\/eusebiguiral.com\/wp-content\/uploads\/2023\/08\/logo-eusebi-3dde5f3b43e61195d83a14f1dccefbd31.png","contentUrl":"https:\/\/eusebiguiral.com\/wp-content\/uploads\/2023\/08\/logo-eusebi-3dde5f3b43e61195d83a14f1dccefbd31.png","width":176,"height":176,"caption":"Eusebi Guiral"},"image":{"@id":"https:\/\/eusebiguiral.com\/#\/schema\/logo\/image\/"},"sameAs":["https:\/\/www.facebook.com\/profile.php?id=61550539299491","https:\/\/www.instagram.com\/eusebiguiralsa\/"]}]}},"_links":{"self":[{"href":"https:\/\/eusebiguiral.com\/esp\/wp-json\/wp\/v2\/pages\/499","targetHints":{"allow":["GET"]}}],"collection":[{"href":"https:\/\/eusebiguiral.com\/esp\/wp-json\/wp\/v2\/pages"}],"about":[{"href":"https:\/\/eusebiguiral.com\/esp\/wp-json\/wp\/v2\/types\/page"}],"author":[{"embeddable":true,"href":"https:\/\/eusebiguiral.com\/esp\/wp-json\/wp\/v2\/users\/1"}],"replies":[{"embeddable":true,"href":"https:\/\/eusebiguiral.com\/esp\/wp-json\/wp\/v2\/comments?post=499"}],"version-history":[{"count":6,"href":"https:\/\/eusebiguiral.com\/esp\/wp-json\/wp\/v2\/pages\/499\/revisions"}],"predecessor-version":[{"id":832,"href":"https:\/\/eusebiguiral.com\/esp\/wp-json\/wp\/v2\/pages\/499\/revisions\/832"}],"wp:attachment":[{"href":"https:\/\/eusebiguiral.com\/esp\/wp-json\/wp\/v2\/media?parent=499"}],"curies":[{"name":"wp","href":"https:\/\/api.w.org\/{rel}","templated":true}]}}